{"id":216,"date":"2025-12-27T20:21:28","date_gmt":"2025-12-27T20:21:28","guid":{"rendered":"https:\/\/zetatoons.fr\/?page_id=216"},"modified":"2025-12-28T11:20:29","modified_gmt":"2025-12-28T11:20:29","slug":"eric-lasbrogh","status":"publish","type":"page","link":"https:\/\/zetatoons.fr\/index.php\/eric-lasbrogh\/","title":{"rendered":"\u00c9ric Lasbrogh"},"content":{"rendered":"\n<div class=\"wp-block-columns is-layout-flex wp-container-core-columns-is-layout-28f84493 wp-block-columns-is-layout-flex\">\n<div class=\"wp-block-column is-layout-flow wp-block-column-is-layout-flow\" style=\"flex-basis:66.66%\">\n<figure class=\"wp-block-table aligncenter is-style-regular has-medium-font-size\" style=\"margin-top:0;margin-bottom:0\"><table class=\"has-fixed-layout\" style=\"border-style:none;border-width:0px\"><tbody><tr><td class=\"has-text-align-right\" data-align=\"right\"><strong>Gender<\/strong><\/td><td>Male<\/td><\/tr><tr><td class=\"has-text-align-right\" data-align=\"right\"><strong>Age<\/strong><\/td><td>25 yo<\/td><\/tr><tr><td class=\"has-text-align-right\" data-align=\"right\"><strong>Height<\/strong><\/td><td>1m76<\/td><\/tr><\/tbody><\/table><\/figure>\n<\/div>\n\n\n\n<div class=\"wp-block-column is-layout-flow wp-block-column-is-layout-flow\" style=\"flex-basis:33.33%\">\n<figure class=\"wp-block-image size-full has-custom-border is-style-rounded is-style-rounded--1\"><img loading=\"lazy\" decoding=\"async\" width=\"355\" height=\"391\" src=\"http:\/\/zetatoons.fr\/wp-content\/uploads\/2025\/12\/PdP_Eric.jpg\" alt=\"\" class=\"wp-image-133\" style=\"border-style:none;border-width:0px;border-top-left-radius:20px;border-top-right-radius:20px;border-bottom-left-radius:20px;border-bottom-right-radius:20px\" srcset=\"https:\/\/zetatoons.fr\/wp-content\/uploads\/2025\/12\/PdP_Eric.jpg 355w, https:\/\/zetatoons.fr\/wp-content\/uploads\/2025\/12\/PdP_Eric-272x300.jpg 272w\" sizes=\"auto, (max-width: 355px) 100vw, 355px\" \/><\/figure>\n<\/div>\n<\/div>\n\n\n\n<p>He is reserved and works very seriously at the company &#8220;DreaMind&#8221;. He is an excellent (MMA) fighter who respects Alexandre Enrawl (as a fighter too). He doesn&#8217;t particularly like L\u00e9a Lysenfet, and the person he spends most of his time is J\u00e9r\u00e9mie Tanaka.<\/p>\n\n\n\n<div class=\"wp-block-columns is-layout-flex wp-container-core-columns-is-layout-28f84493 wp-block-columns-is-layout-flex\">\n<div class=\"wp-block-column is-layout-flow wp-block-column-is-layout-flow\">\n<h2 class=\"wp-block-heading has-large-font-size\"><strong>Likes<\/strong><\/h2>\n\n\n\n<ul class=\"wp-block-list\">\n<li>To fight (MMA fighter)<\/li>\n\n\n\n<li>To do His work<\/li>\n<\/ul>\n<\/div>\n\n\n\n<div class=\"wp-block-column is-layout-flow wp-block-column-is-layout-flow\">\n<h2 class=\"wp-block-heading has-large-font-size\"><strong>Dislikes<\/strong><\/h2>\n\n\n\n<ul class=\"wp-block-list\">\n<li>To speak<\/li>\n\n\n\n<li>People who don&#8217;t seem to care about their work<\/li>\n<\/ul>\n<\/div>\n<\/div>\n\n\n<div class=\"wp-block-ub-tabbed-content wp-block-ub-tabbed-content-holder wp-block-ub-tabbed-content-horizontal-holder-mobile wp-block-ub-tabbed-content-horizontal-holder-tablet\" id=\"ub-tabbed-content-d588294c-3771-4c6f-bc67-7b71b7113f2d\" style=\"\">\n\t\t\t<div class=\"wp-block-ub-tabbed-content-tab-holder horizontal-tab-width-mobile horizontal-tab-width-tablet\">\n\t\t\t\t<div role=\"tablist\" class=\"wp-block-ub-tabbed-content-tabs-title wp-block-ub-tabbed-content-tabs-title-mobile-horizontal-tab wp-block-ub-tabbed-content-tabs-title-tablet-horizontal-tab\" style=\"justify-content: flex-start; \"><div role=\"tab\" id=\"ub-tabbed-content-d588294c-3771-4c6f-bc67-7b71b7113f2d-tab-0\" aria-controls=\"ub-tabbed-content-d588294c-3771-4c6f-bc67-7b71b7113f2d-panel-0\" aria-selected=\"true\" class=\"wp-block-ub-tabbed-content-tab-title-wrap active\" style=\"--ub-tabbed-title-background-color: #92d190; --ub-tabbed-title-color: #325920; --ub-tabbed-active-title-color: #325920; --ub-tabbed-active-title-background-color: #92d190; text-align: left; \" tabindex=\"-1\">\n\t\t\t\t<div class=\"wp-block-ub-tabbed-content-tab-title\">Relationships<\/div>\n\t\t\t<\/div><div role=\"tab\" id=\"ub-tabbed-content-d588294c-3771-4c6f-bc67-7b71b7113f2d-tab-1\" aria-controls=\"ub-tabbed-content-d588294c-3771-4c6f-bc67-7b71b7113f2d-panel-1\" aria-selected=\"false\" class=\"wp-block-ub-tabbed-content-tab-title-wrap\" style=\"--ub-tabbed-title-background-color: #ECEADF; --ub-tabbed-title-color: #A62B0C; --ub-tabbed-active-title-color: #325920; --ub-tabbed-active-title-background-color: #92d190; text-align: left; \" tabindex=\"-1\">\n\t\t\t\t<div class=\"wp-block-ub-tabbed-content-tab-title\">More about<\/div>\n\t\t\t<\/div><\/div>\n\t\t\t<\/div>\n\t\t\t<div class=\"wp-block-ub-tabbed-content-tabs-content\" style=\"color: #ECEADF; \"><div role=\"tabpanel\" class=\"wp-block-ub-tabbed-content-tab-content-wrap active\" id=\"ub-tabbed-content-d588294c-3771-4c6f-bc67-7b71b7113f2d-panel-0\" aria-labelledby=\"ub-tabbed-content-d588294c-3771-4c6f-bc67-7b71b7113f2d-tab-0\" tabindex=\"0\">\n\n<ul class=\"wp-block-list\">\n<li class=\"has-contrast-color has-text-color has-link-color wp-elements-0597828baeff647b28cd38e35437cd09\">J\u00e9r\u00e9mie Tanaka: love interest.<\/li>\n\n\n\n<li class=\"has-contrast-color has-text-color has-link-color wp-elements-3ca241a81c77894bf2af5cbd734980c6\">Alexandre Enrawl: new friend and colleague.<\/li>\n<\/ul>\n\n<\/div><div role=\"tabpanel\" class=\"wp-block-ub-tabbed-content-tab-content-wrap ub-hide\" id=\"ub-tabbed-content-d588294c-3771-4c6f-bc67-7b71b7113f2d-panel-1\" aria-labelledby=\"ub-tabbed-content-d588294c-3771-4c6f-bc67-7b71b7113f2d-tab-1\" tabindex=\"0\">\n\n<p class=\"has-contrast-color has-text-color has-link-color wp-elements-adf7210db6487f8548519411297dd29e\">A character of DreaMind.<\/p>\n\n<\/div><\/div>\n\t\t<\/div>\n\n\n<h2 class=\"wp-block-heading\">Reference sheets &amp; Outfits<\/h2>\n\n\n\n<figure class=\"wp-block-gallery has-nested-images columns-default is-cropped wp-block-gallery-2 is-layout-flex wp-block-gallery-is-layout-flex\">\n<figure class=\"wp-block-image size-large\"><img loading=\"lazy\" decoding=\"async\" width=\"768\" height=\"1024\" data-id=\"176\" src=\"http:\/\/zetatoons.fr\/wp-content\/uploads\/2025\/12\/Fiche_Eric-768x1024.jpg\" alt=\"\" class=\"wp-image-176\" srcset=\"https:\/\/zetatoons.fr\/wp-content\/uploads\/2025\/12\/Fiche_Eric-768x1024.jpg 768w, https:\/\/zetatoons.fr\/wp-content\/uploads\/2025\/12\/Fiche_Eric-225x300.jpg 225w, https:\/\/zetatoons.fr\/wp-content\/uploads\/2025\/12\/Fiche_Eric.jpg 960w\" sizes=\"auto, (max-width: 768px) 100vw, 768px\" \/><\/figure>\n\n\n\n<figure class=\"wp-block-image size-large\"><img loading=\"lazy\" decoding=\"async\" width=\"1024\" height=\"870\" data-id=\"162\" src=\"http:\/\/zetatoons.fr\/wp-content\/uploads\/2025\/12\/HabitLuna_Eric_2-1024x870.png\" alt=\"\" class=\"wp-image-162\" srcset=\"https:\/\/zetatoons.fr\/wp-content\/uploads\/2025\/12\/HabitLuna_Eric_2-1024x870.png 1024w, https:\/\/zetatoons.fr\/wp-content\/uploads\/2025\/12\/HabitLuna_Eric_2-300x255.png 300w, https:\/\/zetatoons.fr\/wp-content\/uploads\/2025\/12\/HabitLuna_Eric_2-768x653.png 768w, https:\/\/zetatoons.fr\/wp-content\/uploads\/2025\/12\/HabitLuna_Eric_2.png 1280w\" sizes=\"auto, (max-width: 1024px) 100vw, 1024px\" \/><figcaption class=\"wp-element-caption\">Design by Lunasteria<\/figcaption><\/figure>\n\n\n\n<figure class=\"wp-block-image size-large\"><img loading=\"lazy\" decoding=\"async\" width=\"1024\" height=\"870\" data-id=\"161\" src=\"http:\/\/zetatoons.fr\/wp-content\/uploads\/2025\/12\/HabitLuna_Eric_1-1024x870.png\" alt=\"\" class=\"wp-image-161\" srcset=\"https:\/\/zetatoons.fr\/wp-content\/uploads\/2025\/12\/HabitLuna_Eric_1-1024x870.png 1024w, https:\/\/zetatoons.fr\/wp-content\/uploads\/2025\/12\/HabitLuna_Eric_1-300x255.png 300w, https:\/\/zetatoons.fr\/wp-content\/uploads\/2025\/12\/HabitLuna_Eric_1-768x653.png 768w, https:\/\/zetatoons.fr\/wp-content\/uploads\/2025\/12\/HabitLuna_Eric_1.png 1280w\" sizes=\"auto, (max-width: 1024px) 100vw, 1024px\" \/><figcaption class=\"wp-element-caption\">Design by Lunasteria<\/figcaption><\/figure>\n<\/figure>\n\n\n\n<h2 class=\"wp-block-heading\">Gallery<\/h2>\n\n\n\n<figure class=\"wp-block-gallery has-nested-images columns-3 is-cropped wp-block-gallery-3 is-layout-flex wp-block-gallery-is-layout-flex\" style=\"border-style:none;border-width:0px;border-top-left-radius:0px;border-top-right-radius:0px;border-bottom-left-radius:0px;border-bottom-right-radius:0px\">\n<figure class=\"wp-block-image size-large\"><img loading=\"lazy\" decoding=\"async\" width=\"1024\" height=\"1024\" data-id=\"218\" src=\"http:\/\/zetatoons.fr\/wp-content\/uploads\/2025\/12\/Artfight23_Apolline_Eric-1024x1024.jpeg\" alt=\"Eric by Apolline (https:\/\/instagram.com\/_.mazette_\/)\" class=\"wp-image-218\" srcset=\"https:\/\/zetatoons.fr\/wp-content\/uploads\/2025\/12\/Artfight23_Apolline_Eric-1024x1024.jpeg 1024w, https:\/\/zetatoons.fr\/wp-content\/uploads\/2025\/12\/Artfight23_Apolline_Eric-300x300.jpeg 300w, https:\/\/zetatoons.fr\/wp-content\/uploads\/2025\/12\/Artfight23_Apolline_Eric-150x150.jpeg 150w, https:\/\/zetatoons.fr\/wp-content\/uploads\/2025\/12\/Artfight23_Apolline_Eric-768x768.jpeg 768w, https:\/\/zetatoons.fr\/wp-content\/uploads\/2025\/12\/Artfight23_Apolline_Eric-1536x1536.jpeg 1536w, https:\/\/zetatoons.fr\/wp-content\/uploads\/2025\/12\/Artfight23_Apolline_Eric-2048x2048.jpeg 2048w\" sizes=\"auto, (max-width: 1024px) 100vw, 1024px\" \/><figcaption class=\"wp-element-caption\">Eric by Apolline<\/figcaption><\/figure>\n\n\n\n<figure class=\"wp-block-image size-large\"><img loading=\"lazy\" decoding=\"async\" width=\"1024\" height=\"1024\" data-id=\"222\" src=\"http:\/\/zetatoons.fr\/wp-content\/uploads\/2025\/12\/DreaMind_Eric-1024x1024.png\" alt=\"Eric by Byron (Eric by Byron (https:\/\/byronlunasteria.wordpress.com\/))\" class=\"wp-image-222\" srcset=\"https:\/\/zetatoons.fr\/wp-content\/uploads\/2025\/12\/DreaMind_Eric-1024x1024.png 1024w, https:\/\/zetatoons.fr\/wp-content\/uploads\/2025\/12\/DreaMind_Eric-300x300.png 300w, https:\/\/zetatoons.fr\/wp-content\/uploads\/2025\/12\/DreaMind_Eric-150x150.png 150w, https:\/\/zetatoons.fr\/wp-content\/uploads\/2025\/12\/DreaMind_Eric-768x768.png 768w, https:\/\/zetatoons.fr\/wp-content\/uploads\/2025\/12\/DreaMind_Eric.png 1500w\" sizes=\"auto, (max-width: 1024px) 100vw, 1024px\" \/><figcaption class=\"wp-element-caption\">Eric by Byron<\/figcaption><\/figure>\n\n\n\n<figure class=\"wp-block-image size-full\"><img loading=\"lazy\" decoding=\"async\" width=\"1324\" height=\"1820\" data-id=\"221\" src=\"http:\/\/zetatoons.fr\/wp-content\/uploads\/2025\/12\/Artfight25_Byron_Eric.png\" alt=\"Eric by Byron (Eric by Byron (https:\/\/byronlunasteria.wordpress.com\/))\" class=\"wp-image-221\" srcset=\"https:\/\/zetatoons.fr\/wp-content\/uploads\/2025\/12\/Artfight25_Byron_Eric.png 1324w, https:\/\/zetatoons.fr\/wp-content\/uploads\/2025\/12\/Artfight25_Byron_Eric-218x300.png 218w, https:\/\/zetatoons.fr\/wp-content\/uploads\/2025\/12\/Artfight25_Byron_Eric-745x1024.png 745w, https:\/\/zetatoons.fr\/wp-content\/uploads\/2025\/12\/Artfight25_Byron_Eric-768x1056.png 768w, https:\/\/zetatoons.fr\/wp-content\/uploads\/2025\/12\/Artfight25_Byron_Eric-1117x1536.png 1117w\" sizes=\"auto, (max-width: 1324px) 100vw, 1324px\" \/><figcaption class=\"wp-element-caption\">Eric by Byron<\/figcaption><\/figure>\n\n\n\n<figure class=\"wp-block-image size-full\"><img loading=\"lazy\" decoding=\"async\" width=\"2048\" height=\"2048\" data-id=\"220\" src=\"http:\/\/zetatoons.fr\/wp-content\/uploads\/2025\/12\/Artfight24_Ariakey_Eric.png\" alt=\"Eric by Ariakey (https:\/\/ariakey.carrd.co\/)\" class=\"wp-image-220\" srcset=\"https:\/\/zetatoons.fr\/wp-content\/uploads\/2025\/12\/Artfight24_Ariakey_Eric.png 2048w, https:\/\/zetatoons.fr\/wp-content\/uploads\/2025\/12\/Artfight24_Ariakey_Eric-300x300.png 300w, https:\/\/zetatoons.fr\/wp-content\/uploads\/2025\/12\/Artfight24_Ariakey_Eric-1024x1024.png 1024w, https:\/\/zetatoons.fr\/wp-content\/uploads\/2025\/12\/Artfight24_Ariakey_Eric-150x150.png 150w, https:\/\/zetatoons.fr\/wp-content\/uploads\/2025\/12\/Artfight24_Ariakey_Eric-768x768.png 768w, https:\/\/zetatoons.fr\/wp-content\/uploads\/2025\/12\/Artfight24_Ariakey_Eric-1536x1536.png 1536w\" sizes=\"auto, (max-width: 2048px) 100vw, 2048px\" \/><figcaption class=\"wp-element-caption\">Eric by Ariakey<\/figcaption><\/figure>\n\n\n\n<figure class=\"wp-block-image size-large\"><img loading=\"lazy\" decoding=\"async\" width=\"1024\" height=\"992\" data-id=\"219\" src=\"https:\/\/zetatoons.fr\/wp-content\/uploads\/2025\/12\/Artfight22_Byron_EricJerem-1024x992.png\" alt=\"Eric and J\u00e9r\u00e9mie by Byron (https:\/\/byronlunasteria.wordpress.com\/)\" class=\"wp-image-219\" srcset=\"https:\/\/zetatoons.fr\/wp-content\/uploads\/2025\/12\/Artfight22_Byron_EricJerem-1024x992.png 1024w, https:\/\/zetatoons.fr\/wp-content\/uploads\/2025\/12\/Artfight22_Byron_EricJerem-300x291.png 300w, https:\/\/zetatoons.fr\/wp-content\/uploads\/2025\/12\/Artfight22_Byron_EricJerem-768x744.png 768w, https:\/\/zetatoons.fr\/wp-content\/uploads\/2025\/12\/Artfight22_Byron_EricJerem.png 1219w\" sizes=\"auto, (max-width: 1024px) 100vw, 1024px\" \/><figcaption class=\"wp-element-caption\">Eric and J\u00e9r\u00e9mie by Byron<\/figcaption><\/figure>\n<\/figure>\n\n\n\n<figure class=\"wp-block-gallery has-nested-images columns-5 is-cropped wp-block-gallery-4 is-layout-flex wp-block-gallery-is-layout-flex\">\n<figure class=\"wp-block-image size-large\"><img loading=\"lazy\" decoding=\"async\" width=\"512\" height=\"512\" data-id=\"321\" src=\"https:\/\/zetatoons.fr\/wp-content\/uploads\/2025\/12\/StickerMouais.png\" alt=\"\" class=\"wp-image-321\" srcset=\"https:\/\/zetatoons.fr\/wp-content\/uploads\/2025\/12\/StickerMouais.png 512w, https:\/\/zetatoons.fr\/wp-content\/uploads\/2025\/12\/StickerMouais-300x300.png 300w, https:\/\/zetatoons.fr\/wp-content\/uploads\/2025\/12\/StickerMouais-150x150.png 150w\" sizes=\"auto, (max-width: 512px) 100vw, 512px\" \/><\/figure>\n\n\n\n<figure class=\"wp-block-image size-large\"><img loading=\"lazy\" decoding=\"async\" width=\"512\" height=\"512\" data-id=\"320\" src=\"https:\/\/zetatoons.fr\/wp-content\/uploads\/2025\/12\/StickerDesoleTriste.png\" alt=\"\" class=\"wp-image-320\" srcset=\"https:\/\/zetatoons.fr\/wp-content\/uploads\/2025\/12\/StickerDesoleTriste.png 512w, https:\/\/zetatoons.fr\/wp-content\/uploads\/2025\/12\/StickerDesoleTriste-300x300.png 300w, https:\/\/zetatoons.fr\/wp-content\/uploads\/2025\/12\/StickerDesoleTriste-150x150.png 150w\" sizes=\"auto, (max-width: 512px) 100vw, 512px\" \/><\/figure>\n\n\n\n<figure class=\"wp-block-image size-large\"><img loading=\"lazy\" decoding=\"async\" width=\"512\" height=\"512\" data-id=\"319\" src=\"https:\/\/zetatoons.fr\/wp-content\/uploads\/2025\/12\/StickerBlase.png\" alt=\"\" class=\"wp-image-319\" srcset=\"https:\/\/zetatoons.fr\/wp-content\/uploads\/2025\/12\/StickerBlase.png 512w, https:\/\/zetatoons.fr\/wp-content\/uploads\/2025\/12\/StickerBlase-300x300.png 300w, https:\/\/zetatoons.fr\/wp-content\/uploads\/2025\/12\/StickerBlase-150x150.png 150w\" sizes=\"auto, (max-width: 512px) 100vw, 512px\" \/><\/figure>\n\n\n\n<figure class=\"wp-block-image size-large\"><img loading=\"lazy\" decoding=\"async\" width=\"512\" height=\"512\" data-id=\"318\" src=\"https:\/\/zetatoons.fr\/wp-content\/uploads\/2025\/12\/StickerPoing.png\" alt=\"\" class=\"wp-image-318\" srcset=\"https:\/\/zetatoons.fr\/wp-content\/uploads\/2025\/12\/StickerPoing.png 512w, https:\/\/zetatoons.fr\/wp-content\/uploads\/2025\/12\/StickerPoing-300x300.png 300w, https:\/\/zetatoons.fr\/wp-content\/uploads\/2025\/12\/StickerPoing-150x150.png 150w\" sizes=\"auto, (max-width: 512px) 100vw, 512px\" \/><\/figure>\n\n\n\n<figure class=\"wp-block-image size-large\"><img loading=\"lazy\" decoding=\"async\" width=\"512\" height=\"512\" data-id=\"317\" src=\"https:\/\/zetatoons.fr\/wp-content\/uploads\/2025\/12\/StickerFacepalm.png\" alt=\"\" class=\"wp-image-317\" srcset=\"https:\/\/zetatoons.fr\/wp-content\/uploads\/2025\/12\/StickerFacepalm.png 512w, https:\/\/zetatoons.fr\/wp-content\/uploads\/2025\/12\/StickerFacepalm-300x300.png 300w, https:\/\/zetatoons.fr\/wp-content\/uploads\/2025\/12\/StickerFacepalm-150x150.png 150w\" sizes=\"auto, (max-width: 512px) 100vw, 512px\" \/><\/figure>\n\n\n\n<figure class=\"wp-block-image size-large\"><img loading=\"lazy\" decoding=\"async\" width=\"512\" height=\"512\" data-id=\"316\" src=\"https:\/\/zetatoons.fr\/wp-content\/uploads\/2025\/12\/StickerCoeurcouple.png\" alt=\"\" class=\"wp-image-316\" srcset=\"https:\/\/zetatoons.fr\/wp-content\/uploads\/2025\/12\/StickerCoeurcouple.png 512w, https:\/\/zetatoons.fr\/wp-content\/uploads\/2025\/12\/StickerCoeurcouple-300x300.png 300w, https:\/\/zetatoons.fr\/wp-content\/uploads\/2025\/12\/StickerCoeurcouple-150x150.png 150w\" sizes=\"auto, (max-width: 512px) 100vw, 512px\" \/><\/figure>\n<\/figure>\n","protected":false},"excerpt":{"rendered":"<p>Gender Male Age 25 yo Height 1m76 He is reserved and works very seriously at the company &#8220;DreaMind&#8221;. He is an excellent (MMA) fighter who respects Alexandre Enrawl (as a fighter too). He doesn&#8217;t particularly like L\u00e9a Lysenfet, and the person he spends most of his time is J\u00e9r\u00e9mie Tanaka. Likes Dislikes Reference sheets &amp; [&hellip;]<\/p>\n","protected":false},"author":2,"featured_media":0,"parent":0,"menu_order":0,"comment_status":"closed","ping_status":"open","template":"","meta":{"footnotes":""},"class_list":["post-216","page","type-page","status-publish","hentry"],"featured_image_src":null,"jetpack_sharing_enabled":true,"_links":{"self":[{"href":"https:\/\/zetatoons.fr\/index.php\/wp-json\/wp\/v2\/pages\/216","targetHints":{"allow":["GET"]}}],"collection":[{"href":"https:\/\/zetatoons.fr\/index.php\/wp-json\/wp\/v2\/pages"}],"about":[{"href":"https:\/\/zetatoons.fr\/index.php\/wp-json\/wp\/v2\/types\/page"}],"author":[{"embeddable":true,"href":"https:\/\/zetatoons.fr\/index.php\/wp-json\/wp\/v2\/users\/2"}],"replies":[{"embeddable":true,"href":"https:\/\/zetatoons.fr\/index.php\/wp-json\/wp\/v2\/comments?post=216"}],"version-history":[{"count":4,"href":"https:\/\/zetatoons.fr\/index.php\/wp-json\/wp\/v2\/pages\/216\/revisions"}],"predecessor-version":[{"id":323,"href":"https:\/\/zetatoons.fr\/index.php\/wp-json\/wp\/v2\/pages\/216\/revisions\/323"}],"wp:attachment":[{"href":"https:\/\/zetatoons.fr\/index.php\/wp-json\/wp\/v2\/media?parent=216"}],"curies":[{"name":"wp","href":"https:\/\/api.w.org\/{rel}","templated":true}]}}